6
-105
What is -266 (base 8) in base 9?
-222
Convert 339 (base 11) to base 4.
12111
Convert 10 (base 3) to base 6.
3
10100101 (base 2) to base 16
a5
13 (base 7) to base 8
12
What is 0 (base 9) in base 4?
0
0 (base 13) to base 16
0
What is -101 (base 3) in base 7?
-13
-1c (base 13) to base 15
-1a
What is 4 (base 12) in base 16?
4
What is 20220 (base 3) in base 14?
d4
-110001 (base 2) to base 11
-45
What is -ac (base 13) in base 2?
-10001110
What is -2 (base 14) in base 7?
-2
-4 (base 9) to base 2
-100
10 (base 5) to base 12
5
What is -d (base 15) in base 3?
-111
Convert 2201 (base 3) to base 14.
53
What is -1 (base 10) in base 14?
-1
-403 (base 7) to base 15
-d4
-8 (base 10) to base 4
-20
15 (base 8) to base 11
12
What is -12 (base 10) in base 6?
-20
What is -12202 (base 3) in base 12?
-10b
What is 0 (base 11) in base 13?
0
-17a (base 11) to base 5
-1313
What is a5 (base 12) in base 7?
236
Convert -110 (base 9) to base 15.
-60
-11 (base 12) to base 5
-23
54 (base 7) to base 13
30
Convert -29 (base 11) to base 13.
-25
Convert 10 (base 9) to base 16.
9
What is -144 (base 6) in base 8?
-100
What is -310 (base 7) in base 2?
-10011010
Convert -11 (base 9) to base 8.
-12
13 (base 8) to base 5
21
Convert b (base 15) to base 7.
14
-165 (base 13) to base 9
-310
What is 6 (base 11) in base 6?
10
-230 (base 4) to base 14
-32
What is -67 (base 10) in base 7?
-124
Convert -91 (base 14) to base 9.
-151
Convert -11100 (base 2) to base 7.
-40
What is -1102 (base 3) in base 9?
-42
What is 0 (base 3) in base 16?
0
What is 100100100 (base 2) in base 12?
204
-20 (base 15) to base 5
-110
Convert 12 (base 9) to base 16.
b
Convert -15 (base 10) to base 14.
-11
What is 55 (base 6) in base 5?
120
Convert 107 (base 16) to base 12.
19b
What is -18 (base 15) in base 5?
-43
17 (base 9) to base 4
100
1010001 (base 2) to base 9
100
-63 (base 10) to base 15
-43
Convert 1001 (base 2) to base 14.
9
Convert -1010010 (base 2) to base 8.
-122
-4 (base 15) to base 10
-4
What is 32 (base 4) in base 15?
e
What is -4 (base 6) in base 10?
-4
Convert -2 (base 12) to base 3.
-2
-168 (base 10) to base 6
-440
Convert 29 (base 11) to base 3.
1011
What is -a (base 16) in base 3?
-101
1 (base 14) to base 12
1
Convert -55 (base 6) to base 12.
-2b
Convert 18 (base 11) to base 16.
13
What is 241 (base 7) in base 6?
331
-1 (base 7) to base 9
-1
What is -62 (base 8) in base 3?
-1212
What is 1 (base 3) in base 6?
1
1141 (base 5) to base 6
443
Convert -4 (base 7) to base 13.
-4
What is -32 (base 15) in base 7?
-65
4 (base 6) to base 13
4
What is 13b (base 12) in base 15?
cb
What is 136 (base 9) in base 2?
1110010
-109 (base 10) to base 7
-214
a1 (base 16) to base 5
1121
Convert 3 (base 8) to base 9.
3
Convert -184 (base 11) to base 2.
-11010101
What is -175 (base 8) in base 4?
-1331
What is -b1 (base 14) in base 10?
-155
105 (base 12) to base 13
b6
What is 124 (base 6) in base 14?
3a
3 (base 15) to base 2
11
What is -52 (base 8) in base 13?
-33
What is 77 (base 10) in base 12?
65
What is -11 (base 7) in base 5?
-13
Convert -1 (base 3) to base 14.
-1
e0 (base 15) to base 14
110
-130 (base 6) to base 12
-46
What is 100 (base 2) in base 14?
4
Convert -3 (base 12) to base 13.
-3
10 (base 2) to base 5
2
Convert 14 (base 7) to base 10.
11
What is -6 (base 9) in base 16?
-6
What is 2 (base 3) in base 13?
2
What is 1 (base 9) in base 5?
1
10 (base 15) to base 10
15
What is 30 (base 8) in base 3?
220
-2 (base 7) to base 6
-2
What is 1111 (base 4) in base 8?
125
Convert 1 (base 12) to base 7.
1
What is -43 (base 5) in base 15?
-18
Convert -3a (base 13) to base 7.
-100
Convert 10 (base 6) to base 9.
6
3 (base 7) to base 13
3
What is -1 (base 11) in base 6?
-1
6 (base 7) to base 3
20
Convert 0 (base 8) to base 13.
0
-a (base 11) to base 8
-12
What is -101 (base 15) in base 13?
-145
Convert bc (base 16) to base 13.
116
What is 3 (base 5) in base 9?
3
What is 10 (base 3) in base 8?
3
Convert 2 (base 9) to base 16.
2
Convert 1202 (base 4) to base 15.
68
3 (base 5) to base 10
3
What is 31 (base 12) in base 4?
211
What is 3 (base 10) in base 4?
3
-e (base 15) to base 6
-22
Convert 41 (base 7) to base 5.
104
132 (base 9) to base 15
75
39 (base 14) to base 13
3c
7 (base 13) to base 9
7
3 (base 12) to base 15
3
22111 (base 3) to base 14
125
What is 78 (base 10) in base 12?
66
What is 5 (base 9) in base 4?
11
What is -10 (base 10) in base 6?
-14
1331 (base 4) to base 5
1000
What is 21 (base 16) in base 2?
100001
2 (base 9) to base 5
2
-108 (base 10) to base 11
-99
Convert 0 (base 4) to base 7.
0
Convert 1 (base 16) to base 8.
1
Convert -a (base 11) to base 12.
-a
Convert 69 (base 14) to base 7.
162
Convert 201 (base 3) to base 13.
16
What is -434 (base 5) in base 6?
-315
What is -6 (base 8) in base 12?
-6
What is 11 (base 2) in base 14?
3
Convert -4 (base 9) to base 5.
-4
1 (base 10) to base 3
1
Convert -18 (base 14) to base 13.
-19
Convert 10 (base 4) to base 15.
4
What is 4 (base 9) in base 10?
4
What is 1 (base 2) in base 10?
1
Convert -1 (base 10) to base 8.
-1
What is -123 (base 4) in base 11?
-25
Convert 165 (base 9) to base 7.
260
24 (base 5) to base 8
16
What is 100 (base 7) in base 8?
61
Convert -101 (base 10) to base 6.
-245
What is 30 (base 9) in base 7?
36
Convert -11011 (base 2) to base 3.
-1000
What is 103 (base 4) in base 3?
201
-98 (base 12) to base 10
-116
Convert -8 (base 13) to base 12.
-8
What is -2 (base 14) in base 8?
-2
What is 212 (base 4) in base 2?
100110
Convert -312 (base 8) to base 11.
-174
6 (base 12) to base 8
6
What is -21 (base 9) in base 4?
-103
What is -2 (base 8) in base 7?
-2
0 (base 8) to base 12
0
Convert -4 (base 10) to base 11.
-4
0 (base 8) to base 3
0
What is -10012 (base 3) in base 14?
-62
What is -2a (base 16) in base 5?
-132
What is -30 (base 8) in base 10?
-24
Convert -3 (base 8) to base 7.
-3
What is -23 (base 15) in base 5?
-113
What is -14 (base 12) in base 11?
-15
What is 5 (base 15) in base 10?
5
-23 (base 7) to base 16
-11
Convert 1 (base 11) to base 6.
1
8 (base 13) to base 4
20
-10 (base 4) to base 14
-4
What is 9 (base 14) in base 3?
100
Convert -1102 (base 3) to base 13.
-2c
-3a (base 11) to base 9
-47
-5 (base 10) to base 7
-5
Convert 3 (base 12) to base 13.
3
What is -100 (base 2) in base 13?
-4
Convert 332 (base 7) to base 3.
20022
-125 (base 11) to base 6
-404
-5 (base 6) to base 2
-101
What is -6 (base 15) in base 14?
-6
Convert -9 (base 15) to base 8.
-11
What is -2 (base 6) in base 2?
-10
Convert -2a (base 14) to base 12.
-32
Convert 90 (base 11) to base 15.
69
Convert 4 (base 16) to base 11.
4
What is -3 (base 7) in base 2?
-11
What is 3c (base 13) in base 8?
63
Convert -a (base 14) to base 10.
-10
Convert 123 (base 8) to base 6.
215
What is -205 (base 13) in base 8?
-527
Convert -114 (base 5) to base 11.
-31
0 (base 4) to base 2
0
Convert 0 (base 16) to base 12.
0
What is -41 (base 6) in base 12?
-21
Convert -112001 (base 3) to base 13.
-232
Convert -434 (base 8) to base 2.
-100011100
What is 3 (base 16) in base 15?
3
-22 (base 9) to base 2
-10100
Convert 1 (base 7) to base 10.
1
What is 6 (base 12) in base 7?
6
Convert 0 (base 2) to base 12.
0
What is -30 (base 16) in base 10?
-48
0 (base 13) to base 7
0
What is -2 (base 9) in base 6?
-2
Convert 11 (base 12) to base 16.
d
-4 (base 9) to base 3
-11
-6 (base 11) to base 2
-110
What is -40 (base 6) in base 15?
-19
-33 (base 8) to base 6
-43
Convert -63 (base 11) to base 5.
-234
What is -2 (base 14) in base 6?
-2
-3 (base 14) to base 4
-3
0 (base 7) to base 5
0
-4 (base 6) to base 15
-4
Convert 9 (base 10) to base 11.
9
What is 301 (base 4) in base 15?
34
Convert -3 (base 14) to base 5.
-3
What is 5b (base 14) in base 2?
1010001
Convert 7 (base 9) to base 10.
7
What is 162 (base 10) in base 12?
116
Convert -24 (base 11) to base 5.
-101
What is 36 (base 8) in base 16?
1e
12 (base 12) to base 14
10
What is -8 (base 12) in base 11?
-8
What is 0 (base 11) in base 10?
0
What is 34 (base 11) in base 8?
45
Convert -67 (base 15) to base 3.
-10121
Convert 1a (base 16) to base 6.
42
Convert 32 (base 7) to base 4.
113
What is 3c (base 16) in base 10?
60
What is -124 (base 9) in base 12?
-87
Convert 0 (base 5) to base 15.
0
What is 1 (base 3) in base 2?
1
What is 17 (base 13) in base 9?
22
What is 51 (base 10) in b